uppose 3*r - 4*k = -r + 356, 0 = 4*k + l. Is r a composite number?
True
Suppose 5*x - 6*x - 4 = 0. Let d = 36 + -25. Let u = d - x. Is u a prime number?
False
Is (9/3 - 4)*-631*1 a composite number?
False
Let x(j) be the first derivative of j**4/4 + 8*j**3/3 - j**2/2 + 5*j + 4. Is x(-5) a composite number?
True
Suppose 21 = -3*z - 3*c, -c = -4*z - 4*c - 23. Is (-308)/z - (-18)/6 composite?
False
Let g(l) = l**2 + 9*l + 4. Let c be (0 - -1)/((-6)/54). Let h be g(c). Suppose -h*z = -27 - 113. Is z composite?
True
Suppose -879 = -n - 4*a, 5*n = 2*a - 3*a + 4490. Is n prime?
False
Let o(c) = -4*c + 14*c - 4 - c**3 - 4*c**2 - 10*c. Suppose 5 = -2*d + d. Is o(d) a prime number?
False
Let g(h) = -h**2 + 2*h - 1. Let u be g(1). Let f(x) = u*x**2 - 4*x + 7 + 0*x - 5*x**2 + x**3. Is f(6) a prime number?
True
Let y be (-4)/10 + (-232)/20. Let v be y/(-6) + (22 - -1). Suppose 5*d - 3*n - 111 = 0, -d + 2*n = -0*d - v. Is d prime?
False
Let i(s) = -4*s**2 - 4*s**3 - 7 - 2 + s**3 + 4*s**3 + 5*s. Let r = 11 + -5. Is i(r) prime?
False
Let p(m) = m**2 - 9*m + 3. Let o be -2 + 2 - (0 + -18). Suppose -h - h = -o. Is p(h) a prime number?
True
Suppose -460 = -f - 3*z, 5*f + 0*z + 5*z = 2250. Is f a composite number?
True
Let k(c) = c**3 - c**2 + 7. Let p be k(0). Let v(l) = l**2 - 8*l + 9. Let w be v(p). Suppose -w*r = 2*r - 44. Is r composite?
False
Let r(f) = -77*f**2 - 2 + 5*f + 5 - 2. Let l be r(5). Is l/(-15) + 4/10 prime?
True
Let m be (-6)/9 + (-8)/(-3). Suppose x - 23 - m = 0. Is x composite?
True
Suppose 3 + 7 = 2*y. Suppose -3*s + s + l = -7, 0 = -y*s + 5*l + 25. Suppose -5*t = h - s*t - 25, 2*h = -3*t + 44. Is h a prime number?
True
Let o = -3 + 9. Is 340/o - 4/(-3) composite?
True
Suppose -2*u = -4*m + 2322, u + 2111 + 799 = 5*m. Is m a prime number?
False
Let h(s) = -s**2 + 9*s + 5. Let j be h(10). Let c(y) = -y + 2. Is c(j) prime?
True
Let h = -203 - -426. Is h a composite number?
False
Suppose -2*c + s + 3 = 0, -c = -2*s - 3*s - 24. Is (0 - (-79)/(-1))*c a composite number?
False
Suppose 0 = 3*v - 8*v + 5335. Is v a composite number?
True
Is (84/48)/((-2)/(-248)) a composite number?
True
Let z = -2 + 2. Suppose 3*x + l = 3*l + 8, 2*x - 12 = 3*l. Is 33*(z + 1 + x) prime?
False
Suppose -k - 1399 = o - 4*o, -k = 5*o - 2337. Is o a composite number?
False
Let s = -5 + 7. Suppose 12 = -3*i - s*w + 129, 3*i = 5*w + 96. Suppose 4*d - 5*x - 106 = i, 4*d = x + 147. Is d prime?
True
Let v(w) = -w**2 + 9*w - 9. Let d(k) = 4*k**2 - 28*k + 27. Let h(q) = 2*d(q) + 7*v(q). Let p be h(-8). Is 9*(3 + p*2) prime?
False
Let n(p) = p**3 - 3*p + 3. Let w be n(2). Suppose w*r = -0*r + 5. Is 26/(-1*(r - 2)) composite?
True
Suppose -2*w = 3*j + 8, 3*w - 2 = -j - 0. Suppose -4 = -0*s + w*s. Let d = s + 51. Is d a prime number?
False
Suppose 2*j = 4*j - 148. Is j prime?
False
Suppose -l - 2 = 3*x, 8 = -0*l - 4*l. Suppose x = -a + 3*a + 10, -4*p - 4*a = 8. Suppose -64 = -2*g - 4*j + 8, p*g = -4*j + 98. Is g composite?
True
Let p = -2810 - -4613. Is p prime?
False
Let g = 2 + 3. Let z(h) = g + 2 - 3*h - 4. Is z(-4) a composite number?
True
Let h = 1 + -1. Suppose 1127 = 5*t - 3*j, h = 2*j + j + 12. Suppose -4*c + 3*n = -200 - 96, 3*c - t = 2*n. Is c a composite number?
True
Let q = 14 + 61. Suppose -3*c - 3*n + q = 0, 20 = c + 5*n - 1. Suppose -c - 139 = -5*o. Is o a composite number?
True
Suppose -1494 = -3*z + 5*j, 0 = -6*z + 4*z - 3*j + 1015. Is z composite?
False
Suppose 4*h + 7 - 27 = 0. Suppose -h*m = -91 - 4. Is m a composite number?
False
Suppose 11*h + 8*h = 9481. Is h prime?
True
Suppose -781 = -3*z - 4*p, 520 = 2*z + 4*p - 2. Is z a prime number?
False
Let y = 5 - 3. Suppose -p - 4*v + 7 = -10, y*v + 107 = 5*p. Is p composite?
True
Suppose 2*m = -4*l + 24, 6*l = 3*l + 15. Suppose -c + m*c = 211. Is c a composite number?
False
Suppose 2*k + 4 = -2, -w + 5*k = -18. Suppose -4 + 1 = t, -4*d + 7 = w*t. Suppose d*x - 55 = -x. Is x composite?
False
Suppose -5*g - 2008 = -6923. Is g a prime number?
True
Suppose 5*t - 13*t = -7160. Is t composite?
True
Suppose 0 = -3*j + j. Suppose 5*d - 3*d - 118 = j. Is d composite?
False
Let u be 3*(-4)/6 - -4. Is 1 - ((-8)/u - 2) prime?
True
Let q = -5289 - -1419. Is 1/(-3) - q/27 a composite number?
True
Suppose 5*b = 1632 + 403. Is b a prime number?
False
Suppose 0 = 2*m + 5*d + 79 + 148, -m = d + 106. Let s = m + 207. Is s a composite number?
True
Let l(h) be the third derivative of -3*h**5/40 + h**4/6 - h**3/6 + 2*h**2. Let j(s) be the first derivative of l(s). Is j(-6) a composite number?
True
Is -4*((-1005)/12 - -1) a prime number?
True
Is -469*(-2 + -2 + 3) a composite number?
True
Let l(c) = -8*c - 15. Is l(-13) a composite number?
False
Let d(c) = 87*c - 9. Is d(4) prime?
False
Let k(f) = 4*f**2 - 12*f + 1. Let j(t) = -5*t**2 + 13*t. Let n(u) = -5*j(u) - 6*k(u). Let w = 4 + -12. Is n(w) a prime number?
True
Let a = -3 - -6. Let r(x) = 14*x**3 + 3*x**2 + 3*x + 4. Let n be r(a). Suppose 4*w = 5*y - 538, 4*y + 3*w - n = -0*y. Is y prime?
False
Let n(h) = h**2 - h - 19. Is n(-20) composite?
False
Let f(y) = y + 1. Let x be f(4). Suppose 3*m = -x*z + 185, -4*z = 2*m + m - 148. Is z composite?
False
Suppose -10 = -5*m + 5*d, -m - 2*d = -4*d + 1. Suppose -3*g = -2*v - 0*g + 15, 5*g + 40 = m*v. Let o = v + 30. Is o prime?
False
Suppose 2*c = z + 97, -2*c - 5*z + z + 122 = 0. Is c a prime number?
False
Let s(z) = -4*z**3 + z**2. Let t be s(-1). Suppose -t*l = -y - 2399, 7 = -4*y - 9. Is l a composite number?
False
Suppose -4*r + 0*r = -2332. Is r a prime number?
False
Is 3/((-15)/(-439))*(2 - -3) prime?
True
Suppose 2*q - 8 = 0, 276 = -4*l + 4*q - 1380. Let o = -587 - l. Is (o/9)/(1/(-3)) composite?
False
Suppose 8 = -f + 3. Let k = f + 9. Suppose -k*c - c = -125. Is c composite?
True
Suppose 0 = 4*i - 2*y - 444, i - 3*i + 222 = -3*y. Is i a composite number?
True
Let h(v) = -v**3 + 4*v**2 - 2*v + 1. Let z be h(2). Suppose -3*y + q = 15, -6 - 9 = z*q. Let p(s) = -s**3 - 3*s**2 + 6*s - 3. Is p(y) composite?
True
Suppose -1492 = 3*q - 5*q. Is q prime?
False
Suppose 4*p + 4 - 16 = 0. Suppose 0 = q - 5 + p. Is q a prime number?
True
Suppose -12 = -4*x, 944 = b - 2*x + 115. Is b a prime number?
False
Is 3*1*-1257*(-1)/9 prime?
True
Suppose -3*s = 5*a - 9, 3*s - a = -3*a + 9. Is s prime?
True
Let s be (-1)/4 - 50/(-8). Let y(n) = n**2 - 2*n + 1. Let a be y(8). Suppose 0 = -k + a + s. Is k composite?
True
Suppose 4 + 0 = -4*j. Let p(u) = -24*u**3 - u**2. Is p(j) composite?
False
Suppose 2*h - 2668 = -2*h. Is h composite?
True
Suppose 0 = -2*r - 3*r + 2405. Is r prime?
False
Let a = 4138 + -1919. Is a composite?
True
Is ((-2333)/2)/(((-26)/(-4))/(-13)) prime?
True
Is (-3)/(-1) + (-1 - (-2905)/5) a prime number?
False
Suppose 105 = 3*d - 48. Suppose 5*k = -2*w + 65 + 57, 0 = w + 5*k - d. Is w a prime number?
True
Let k(n) = 64*n**2 - 7*n - 5. Let j(c) = -191*c**2 + 20*c + 14. Let q(z) = -6*j(z) - 17*k(z). Let m be q(-2). Suppose -2*b = -7*b + m. Is b prime?
True
Suppose 3*l + 11 = 4*l. Is l a composite number?
False
Suppose 0 = -r - r - 4*z + 3498, 2*z - 3506 = -2*r. Is r a prime number?
False
Let o = -52 + 71. Is o prime?
True
Let m be 75/9 - 4/(-6). Suppose 2*b + 2*c - m = -179, -4*b + 4*c - 348 = 0. Let r = b + 201. Is r prime?
False
Let y(a) = -52*a. Let o be y(-3). Suppose 0 = 4*g + 2*t - t - 150, 4*t = -4*g + o. Is g a prime number?
True
Suppose -52 = 5*k + 188. Let u = 99 + k. Is u composite?
True
Let l(b) = -b**3 + 31*b**2 + 21*b + 26. Is l(31) composite?
False
Suppose 2*h = 11 + 39. Let w = -14 + h. Let r = 32 - w. Is r composite?
True
Suppose -925 = -5*t - 0*t - 2*m, 2*m = 0. Is t composite?
True
Is 242/(-4)*-2 + -2 composite?
True
Suppose -3*v = -v + 38. Let r = v + 32. Is r composite?
False
Suppose 25 = 3*j + 2*j. Suppose -5*w = -3*r - r - 39, 0 = -4*w - j*r + 23. Is w a prime number?
True
Let k(r) = -13*r + 14. Is k(-11) a composite number?
False
Let u be (-2)/(-1) + (-12)/(-4). Suppose -3*b + 1074 = 3*w, -3*b + u*w = b - 1405. Is b a composite number?
True
Let o(c) be the third derivative of c**5/60 - 11*c**4/24 + 5*c**3/3 + c**2. Let z be o(9). Is (-165)/6*z/10 a prime number?
False
Suppose 3*n + c + 3*c + 7 = 0, c = 5*n + 4. Let v = -26 + n. Let w = 31 - v. Is w a prime number?
False
Suppose -8 = -3*r - r. Let g be r/(-1) + 1